s 52013 (base 7) in base 2?
11000110011101
-220002 (base 3) to base 11
-541
What is -22604 (base 8) in base 14?
-3700
246 (base 11) to base 13
196
What is -2703 (base 14) in base 13?
-317c
Convert -4d9 (base 14) to base 6.
-4303
Convert 124223 (base 5) to base 10.
4938
What is -340142 (base 5) in base 12?
-6a96
Convert -141431 (base 5) to base 10.
-5866
What is 5e6 (base 15) in base 14?
6bb
Convert 638a (base 12) to base 2.
10101010011010
Convert 2103 (base 5) to base 2.
100010110
What is -1964 (base 15) in base 14?
-2006
Convert 108 (base 9) to base 4.
1121
What is 42663 (base 8) in base 10?
17843
-654 (base 8) to base 2
-110101100
72c (base 15) to base 2
11001010001
What is -13451 (base 6) in base 13?
-c70
-10202 (base 5) to base 8
-1245
Convert -12702 (base 10) to base 4.
-3012132
-12311 (base 12) to base 11
-17568
What is -156510 (base 7) in base 12?
-16016
What is -7a (base 13) in base 11?
-92
1300 (base 8) to base 16
2c0
Convert -100110111101111 (base 2) to base 10.
-19951
Convert 2412 (base 5) to base 2.
101100101
8a59 (base 14) to base 11
17030
10231 (base 5) to base 3
221121
Convert -7bdc (base 15) to base 11.
-18846
What is -1112211 (base 3) in base 8?
-2151
6dfe (base 16) to base 14
a394
What is 25031 (base 7) in base 14?
2551
What is -db13 (base 16) in base 12?
-28557
Convert 12b00 (base 13) to base 2.
1000011111111110
What is 110110001 (base 2) in base 10?
433
Convert 10793 (base 10) to base 11.
8122
What is -25929 (base 13) in base 16?
-1101f
21112 (base 3) to base 10
203
What is -450 (base 9) in base 14?
-1c5
Convert 48c (base 15) to base 8.
2010
What is 393b (base 16) in base 14?
54a7
Convert 344 (base 6) to base 12.
b4
-36a2 (base 11) to base 16
-12df
Convert -8d5 (base 16) to base 12.
-1385
-108354 (base 9) to base 5
-4041143
Convert 14207 (base 16) to base 5.
10114224
Convert -4dc (base 14) to base 16.
-3d2
What is 54015 (base 9) in base 8?
105627
Convert 142504 (base 6) to base 7.
54403
-224040 (base 5) to base 12
-4784
Convert -88 (base 12) to base 3.
-10212
Convert -1486 (base 10) to base 6.
-10514
913 (base 11) to base 3
1111212
Convert -1001101111010 (base 2) to base 13.
-2367
Convert -12211222 (base 4) to base 12.
-1374a
Convert -301111 (base 5) to base 14.
-368b
-5cb (base 15) to base 13
-7a3
-4e08 (base 16) to base 6
-232252
What is 120102 (base 4) in base 11?
1193
-17470 (base 11) to base 3
-1020122010
What is 122201202 (base 3) in base 16?
327e
What is 135 (base 9) in base 10?
113
-1311 (base 5) to base 13
-12b
What is 382 (base 9) in base 3?
102202
Convert 110120 (base 3) to base 9.
416
What is -3115 (base 10) in base 6?
-22231
Convert 1311311 (base 5) to base 9.
38381
20824 (base 10) to base 4
11011120
-15707 (base 9) to base 2
-10101000011100
Convert -567 (base 12) to base 7.
-2221
422 (base 13) to base 8
1300
Convert 54a0 (base 11) to base 8.
16121
What is 1469a (base 11) in base 5?
1131200
-3540 (base 7) to base 5
-20202
3021001 (base 5) to base 3
2110012002
What is 133 (base 15) in base 8?
421
What is -4298 (base 16) in base 10?
-17048
What is -3520 (base 12) in base 7?
-23166
What is -1757 (base 9) in base 4?
-111010
-100110100100111 (base 2) to base 8
-46447
Convert -331 (base 6) to base 13.
-9a
Convert -104021 (base 6) to base 7.
-34141
What is -111100000 (base 2) in base 5?
-3410
1003 (base 14) to base 9
3682
243005 (base 7) to base 3
2020200222
Convert -59a (base 14) to base 12.
-790
What is 3702 (base 8) in base 16?
7c2
What is -7623 (base 14) in base 12?
-b993
What is 1c4 (base 15) in base 10?
409
-7402 (base 14) to base 11
-14027
Convert -3637 (base 13) to base 8.
-16743
20121020 (base 3) to base 6
34140
What is -1b5 (base 14) in base 4?
-11203
Convert -10001010111110 (base 2) to base 7.
-34634
Convert -164 (base 9) to base 8.
-213
What is 6145 (base 12) in base 5?
314230
Convert 30212 (base 4) to base 13.
4a0
Convert 10010111 (base 3) to base 5.
33111
10011011010 (base 2) to base 16
4da
1111010001011 (base 2) to base 14
2bc7
Convert -902 (base 10) to base 8.
-1606
Convert 31e4 (base 16) to base 9.
18461
What is 7701 (base 9) in base 11?
4296
d0c (base 14) to base 11
1a18
What is 34043 (base 6) in base 7?
16635
10011000010010 (base 2) to base 14
37a2
What is 1d37 (base 14) in base 7?
21400
What is -152 (base 11) in base 7?
-343
What is -209 (base 13) in base 4?
-11123
Convert 292d (base 14) to base 5.
213133
Convert -24565 (base 10) to base 16.
-5ff5
What is -283 (base 15) in base 5?
-4243
Convert -11104 (base 9) to base 14.
-298b
What is 322 (base 13) in base 14?
2a3
-13130 (base 9) to base 11
-6721
Convert 485 (base 16) to base 2.
10010000101
What is 10743 (base 9) in base 8?
15777
102001021 (base 3) to base 12
47b1
What is 201000 (base 3) in base 13?
306
What is 113205 (base 7) in base 13?
9348
88 (base 11) to base 15
66
What is 22202 (base 5) in base 9?
2114
-41651 (base 7) to base 13
-48a7
Convert -28196 (base 10) to base 11.
-1a203
What is 27aa (base 12) in base 6?
33134
Convert -4b8 (base 14) to base 12.
-66a
3236 (base 11) to base 3
12212022
-22221322 (base 4) to base 11
-2a875
-14504 (base 7) to base 4
-332312
Convert 20304 (base 5) to base 16.
531
Convert 352 (base 15) to base 8.
1360
What is -2142031 (base 5) in base 11?
-259a5
What is 18d (base 14) in base 7?
636
Convert cd2d (base 14) to base 15.
a7cc
What is 2b95 (base 14) in base 7?
31445
Convert -1af (base 16) to base 14.
-22b
What is 1001010111 (base 2) in base 8?
1127
What is -301 (base 14) in base 13?
-364
-1101010100010 (base 2) to base 16
-1aa2
Convert -101110010001100 (base 2) to base 14.
-88c4
202333 (base 4) to base 13
1033
What is -5025 (base 8) in base 12?
-15b1
What is -3257 (base 10) in base 3?
-11110122
17 (base 15) to base 8
26
22212120 (base 3) to base 14
2500
Convert -ac10 (base 15) to base 9.
-55016
19c (base 16) to base 14
216
32d2 (base 15) to base 6
121512
What is 505 (base 13) in base 5?
11400
What is -40350 (base 7) in base 10?
-9786
What is 126126 (base 7) in base 10?
23736
Convert 3cb (base 16) to base 8.
1713
Convert -5500 (base 7) to base 9.
-2617
Convert 11020022111 (base 3) to base 5.
10131320
What is 39 (base 13) in base 2?
110000
Convert -2433 (base 13) to base 5.
-130422
Convert -3210 (base 6) to base 9.
-886
What is -1111021100 (base 3) in base 5?
-1414413
What is -35235 (base 10) in base 15?
-a690
What is 222 (base 10) in base 16?
de
Convert 1100010 (base 3) to base 2.
1111001111
What is -6d04 (base 14) in base 13?
-886a
What is -100111010010 (base 2) in base 16?
-9d2
Convert -2143144 (base 5) to base 3.
-1220011110
-373 (base 11) to base 10
-443
Convert 189b4 (base 14) to base 6.
1200214
-344 (base 8) to base 9
-273
Convert 120212 (base 3) to base 10.
428
Convert -10351 (base 6) to base 4.
-112123
What is -1361 (base 8) in base 3?
-1000220
11011010 (base 2) to base 11
189
414 (base 6) to base 16
9a
-15ae (base 15) to base 10
-4664
What is 42041 (base 6) in base 13?
274c
What is -4268 (base 10) in base 3?
-12212002
Convert -22310 (base 4) to base 7.
-2006
What is -100211202 (base 3) in base 6?
-53115
-731a (base 14) to base 6
-231432
Convert 1602a (base 13) to base 2.
1010001100110011
Convert 11110021 (base 3) to base 16.
caf
Convert 213 (base 6) to base 12.
69
-1413 (base 5) to base 9
-278
-2087 (base 15) to base 12
-3b91
What is -1703 (base 8) in base 7?
-2544
What is -432 (base 10) in base 7?
-1155
What is -9541 (base 15) in base 4?
-13231021
-101144 (base 5) to base 11
-252a
Convert -14312 (base 10) to base 2.
-11011111101000
Convert 11200 (base 12) to base 7.
123222
-769e (base 15) to base 5
-1300444
What is -1340 (base 6) in base 11?
-297
Convert 200101 (base 3) to base 7.
1306
Convert -3577 (base 8) to base 14.
-9b1
Convert 107a5 (base 16) to base 14.
1a84d
What is 30322 (base 6) in base 11?
3016
188 (base 10) to base 6
512
What is 8ba (base 13) in base 9?
2052
What is 100413 (base 5) in base 13?
1619
-22120121 (base 3) to base 4
-1201231
Convert 4e4 (base 15) to base 16.
45a
-1210322 (base 4) to base 2
-1100100111010
Convert 1111011101110 (base 2) to base 13.
37b1
1136 (base 7) to base 6
1535
-202313 (base 4) to base 12
-135b
Convert 180d (base 15) to base 12.
3004
3124 (base 9) to base 2
100011110010
What is 26b2 (base 13) in base 11?
4199
-a7 (base 13) to base 7
-254
What is 13156 (base 7